{"id":27553,"date":"2024-08-05T20:18:09","date_gmt":"2024-08-05T20:18:09","guid":{"rendered":"https:\/\/integritybc.org\/?page_id=27553"},"modified":"2024-08-07T15:37:20","modified_gmt":"2024-08-07T15:37:20","slug":"donaciones","status":"publish","type":"page","link":"https:\/\/integritybc.org\/?page_id=27553","title":{"rendered":"Donaciones"},"content":{"rendered":"\t\t<div data-elementor-type=\"wp-page\" data-elementor-id=\"27553\" class=\"elementor elementor-27553\">\n\t\t\t\t<div class=\"elementor-element elementor-element-abaa1f6 e-flex e-con-boxed e-con e-parent\" data-id=\"abaa1f6\" data-element_type=\"container\">\n\t\t\t\t\t<div class=\"e-con-inner\">\n\t\t<div class=\"elementor-element elementor-element-03aafd9 e-con-full e-flex e-con e-child\" data-id=\"03aafd9\" data-element_type=\"container\">\n\t\t\t\t<div class=\"elementor-element elementor-element-d1486fa elementor-widget elementor-widget-image\" data-id=\"d1486fa\" data-element_type=\"widget\" data-widget_type=\"image.default\">\n\t\t\t\t<div class=\"elementor-widget-container\">\n\t\t\t<style>\/*! elementor - v3.23.0 - 25-07-2024 *\/\n.elementor-widget-image{text-align:center}.elementor-widget-image a{display:inline-block}.elementor-widget-image a img[src$=\".svg\"]{width:48px}.elementor-widget-image img{vertical-align:middle;display:inline-block}<\/style>\t\t\t\t\t\t\t\t\t\t<img fetchpriority=\"high\" decoding=\"async\" width=\"1024\" height=\"576\" src=\"https:\/\/integritybc.org\/wp-content\/uploads\/2024\/08\/Ayuda-a-la-comunidad-Huaorani-2-1024x576.png\" class=\"attachment-large size-large wp-image-27655\" alt=\"\" srcset=\"https:\/\/integritybc.org\/wp-content\/uploads\/2024\/08\/Ayuda-a-la-comunidad-Huaorani-2-1024x576.png 1024w, https:\/\/integritybc.org\/wp-content\/uploads\/2024\/08\/Ayuda-a-la-comunidad-Huaorani-2-300x169.png 300w, https:\/\/integritybc.org\/wp-content\/uploads\/2024\/08\/Ayuda-a-la-comunidad-Huaorani-2-768x432.png 768w, https:\/\/integritybc.org\/wp-content\/uploads\/2024\/08\/Ayuda-a-la-comunidad-Huaorani-2.png 1366w\" sizes=\"(max-width: 1024px) 100vw, 1024px\" \/>\t\t\t\t\t\t\t\t\t\t\t\t\t<\/div>\n\t\t\t\t<\/div>\n\t\t\t\t<div class=\"elementor-element elementor-element-e05bee6 elementor-widget elementor-widget-image\" data-id=\"e05bee6\" data-element_type=\"widget\" data-widget_type=\"image.default\">\n\t\t\t\t<div class=\"elementor-widget-container\">\n\t\t\t\t\t\t\t\t\t\t\t\t\t\t<a href=\"https:\/\/donate.stripe.com\/7sI6oXf7k0E70U03cc\" target=\"_blank\">\n\t\t\t\t\t\t\t<img decoding=\"async\" width=\"150\" height=\"150\" src=\"https:\/\/integritybc.org\/wp-content\/uploads\/2024\/08\/3030362-150x150.webp\" class=\"elementor-animation-pulse-grow attachment-thumbnail size-thumbnail wp-image-27669\" alt=\"\" srcset=\"https:\/\/integritybc.org\/wp-content\/uploads\/2024\/08\/3030362-150x150.webp 150w, https:\/\/integritybc.org\/wp-content\/uploads\/2024\/08\/3030362.webp 256w\" sizes=\"(max-width: 150px) 100vw, 150px\" \/>\t\t\t\t\t\t\t\t<\/a>\n\t\t\t\t\t\t\t\t\t\t\t\t\t<\/div>\n\t\t\t\t<\/div>\n\t\t\t\t<div class=\"elementor-element elementor-element-dd48bf6 elementor-align-center elementor-widget elementor-widget-button\" data-id=\"dd48bf6\" data-element_type=\"widget\" data-widget_type=\"button.default\">\n\t\t\t\t<div class=\"elementor-widget-container\">\n\t\t\t\t\t<div class=\"elementor-button-wrapper\">\n\t\t\t<a class=\"elementor-button elementor-button-link elementor-size-sm elementor-animation-grow\" href=\"https:\/\/donate.stripe.com\/7sI6oXf7k0E70U03cc\" target=\"_blank\">\n\t\t\t\t\t\t<span class=\"elementor-button-content-wrapper\">\n\t\t\t\t\t\t\t\t\t<span class=\"elementor-button-text\">Donaci\u00f3n Entrenamiento de Educaci\u00f3n y Prevenci\u00f3n de Drogas<\/span>\n\t\t\t\t\t<\/span>\n\t\t\t\t\t<\/a>\n\t\t<\/div>\n\t\t\t\t<\/div>\n\t\t\t\t<\/div>\n\t\t\t\t<\/div>\n\t\t\t\t\t<\/div>\n\t\t\t\t<\/div>\n\t\t<div class=\"elementor-element elementor-element-5ceee51 e-flex e-con-boxed e-con e-parent\" data-id=\"5ceee51\" data-element_type=\"container\">\n\t\t\t\t\t<div class=\"e-con-inner\">\n\t\t\t\t<div class=\"elementor-element elementor-element-dc259cd elementor-widget elementor-widget-image\" data-id=\"dc259cd\" data-element_type=\"widget\" data-widget_type=\"image.default\">\n\t\t\t\t<div class=\"elementor-widget-container\">\n\t\t\t\t\t\t\t\t\t\t\t\t\t<img decoding=\"async\" width=\"1024\" height=\"576\" src=\"https:\/\/integritybc.org\/wp-content\/uploads\/2024\/08\/Ayuda-a-la-comunidad-Huaorani-1024x576.png\" class=\"attachment-large size-large wp-image-27583\" alt=\"\" srcset=\"https:\/\/integritybc.org\/wp-content\/uploads\/2024\/08\/Ayuda-a-la-comunidad-Huaorani-1024x576.png 1024w, https:\/\/integritybc.org\/wp-content\/uploads\/2024\/08\/Ayuda-a-la-comunidad-Huaorani-300x169.png 300w, https:\/\/integritybc.org\/wp-content\/uploads\/2024\/08\/Ayuda-a-la-comunidad-Huaorani-768x432.png 768w, https:\/\/integritybc.org\/wp-content\/uploads\/2024\/08\/Ayuda-a-la-comunidad-Huaorani.png 1366w\" sizes=\"(max-width: 1024px) 100vw, 1024px\" \/>\t\t\t\t\t\t\t\t\t\t\t\t\t<\/div>\n\t\t\t\t<\/div>\n\t\t\t\t<div class=\"elementor-element elementor-element-b43edad elementor-widget elementor-widget-image\" data-id=\"b43edad\" data-element_type=\"widget\" data-widget_type=\"image.default\">\n\t\t\t\t<div class=\"elementor-widget-container\">\n\t\t\t\t\t\t\t\t\t\t\t\t\t\t<a href=\"https:\/\/donate.stripe.com\/7sI6oXf7k0E70U03cc\" target=\"_blank\">\n\t\t\t\t\t\t\t<img decoding=\"async\" width=\"150\" height=\"150\" src=\"https:\/\/integritybc.org\/wp-content\/uploads\/2024\/08\/3030362-150x150.webp\" class=\"elementor-animation-pulse-grow attachment-thumbnail size-thumbnail wp-image-27669\" alt=\"\" srcset=\"https:\/\/integritybc.org\/wp-content\/uploads\/2024\/08\/3030362-150x150.webp 150w, https:\/\/integritybc.org\/wp-content\/uploads\/2024\/08\/3030362.webp 256w\" sizes=\"(max-width: 150px) 100vw, 150px\" \/>\t\t\t\t\t\t\t\t<\/a>\n\t\t\t\t\t\t\t\t\t\t\t\t\t<\/div>\n\t\t\t\t<\/div>\n\t\t\t\t\t<\/div>\n\t\t\t\t<\/div>\n\t\t<div class=\"elementor-element elementor-element-a0758e9 e-flex e-con-boxed e-con e-parent\" data-id=\"a0758e9\" data-element_type=\"container\">\n\t\t\t\t\t<div class=\"e-con-inner\">\n\t\t\t\t<div class=\"elementor-element elementor-element-ca15bb4 elementor-align-center elementor-widget elementor-widget-button\" data-id=\"ca15bb4\" data-element_type=\"widget\" data-widget_type=\"button.default\">\n\t\t\t\t<div class=\"elementor-widget-container\">\n\t\t\t\t\t<div class=\"elementor-button-wrapper\">\n\t\t\t<a class=\"elementor-button elementor-button-link elementor-size-sm elementor-animation-grow\" href=\"https:\/\/donate.stripe.com\/7sI6oXf7k0E70U03cc\" target=\"_blank\">\n\t\t\t\t\t\t<span class=\"elementor-button-content-wrapper\">\n\t\t\t\t\t\t\t\t\t<span class=\"elementor-button-text\">Apoyar proyectos<\/span>\n\t\t\t\t\t<\/span>\n\t\t\t\t\t<\/a>\n\t\t<\/div>\n\t\t\t\t<\/div>\n\t\t\t\t<\/div>\n\t\t\t\t\t<\/div>\n\t\t\t\t<\/div>\n\t\t<div class=\"elementor-element elementor-element-4d81391 e-flex e-con-boxed e-con e-parent\" data-id=\"4d81391\" data-element_type=\"container\">\n\t\t\t\t\t<div class=\"e-con-inner\">\n\t\t\t\t<div class=\"elementor-element elementor-element-134da14 elementor-widget elementor-widget-image\" data-id=\"134da14\" data-element_type=\"widget\" data-widget_type=\"image.default\">\n\t\t\t\t<div class=\"elementor-widget-container\">\n\t\t\t\t\t\t\t\t\t\t\t\t\t<img loading=\"lazy\" decoding=\"async\" width=\"1024\" height=\"576\" src=\"https:\/\/integritybc.org\/wp-content\/uploads\/2024\/08\/3-1024x576.png\" class=\"attachment-large size-large wp-image-27574\" alt=\"\" srcset=\"https:\/\/integritybc.org\/wp-content\/uploads\/2024\/08\/3-1024x576.png 1024w, https:\/\/integritybc.org\/wp-content\/uploads\/2024\/08\/3-300x169.png 300w, https:\/\/integritybc.org\/wp-content\/uploads\/2024\/08\/3-768x432.png 768w, https:\/\/integritybc.org\/wp-content\/uploads\/2024\/08\/3.png 1366w\" sizes=\"(max-width: 1024px) 100vw, 1024px\" \/>\t\t\t\t\t\t\t\t\t\t\t\t\t<\/div>\n\t\t\t\t<\/div>\n\t\t\t\t\t<\/div>\n\t\t\t\t<\/div>\n\t\t<div class=\"elementor-element elementor-element-10520f3 e-flex e-con-boxed e-con e-parent\" data-id=\"10520f3\" data-element_type=\"container\">\n\t\t\t\t\t<div class=\"e-con-inner\">\n\t\t\t\t<div class=\"elementor-element elementor-element-8cece53 elementor-widget elementor-widget-image\" data-id=\"8cece53\" data-element_type=\"widget\" data-widget_type=\"image.default\">\n\t\t\t\t<div class=\"elementor-widget-container\">\n\t\t\t\t\t\t\t\t\t\t\t\t\t<img loading=\"lazy\" decoding=\"async\" width=\"1024\" height=\"576\" src=\"https:\/\/integritybc.org\/wp-content\/uploads\/2024\/08\/4-1024x576.png\" class=\"attachment-large size-large wp-image-27575\" alt=\"\" srcset=\"https:\/\/integritybc.org\/wp-content\/uploads\/2024\/08\/4-1024x576.png 1024w, https:\/\/integritybc.org\/wp-content\/uploads\/2024\/08\/4-300x169.png 300w, https:\/\/integritybc.org\/wp-content\/uploads\/2024\/08\/4-768x432.png 768w, https:\/\/integritybc.org\/wp-content\/uploads\/2024\/08\/4.png 1366w\" sizes=\"(max-width: 1024px) 100vw, 1024px\" \/>\t\t\t\t\t\t\t\t\t\t\t\t\t<\/div>\n\t\t\t\t<\/div>\n\t\t\t\t\t<\/div>\n\t\t\t\t<\/div>\n\t\t<div class=\"elementor-element elementor-element-a073b9d e-flex e-con-boxed e-con e-parent\" data-id=\"a073b9d\" data-element_type=\"container\">\n\t\t\t\t\t<div class=\"e-con-inner\">\n\t\t\t\t<div class=\"elementor-element elementor-element-cbeb8d3 elementor-widget elementor-widget-image\" data-id=\"cbeb8d3\" data-element_type=\"widget\" data-widget_type=\"image.default\">\n\t\t\t\t<div class=\"elementor-widget-container\">\n\t\t\t\t\t\t\t\t\t\t\t\t\t<img loading=\"lazy\" decoding=\"async\" width=\"1024\" height=\"576\" src=\"https:\/\/integritybc.org\/wp-content\/uploads\/2024\/08\/Ayuda-a-la-comunidad-Huaorani-4-1024x576.png\" class=\"attachment-large size-large wp-image-27659\" alt=\"\" srcset=\"https:\/\/integritybc.org\/wp-content\/uploads\/2024\/08\/Ayuda-a-la-comunidad-Huaorani-4-1024x576.png 1024w, https:\/\/integritybc.org\/wp-content\/uploads\/2024\/08\/Ayuda-a-la-comunidad-Huaorani-4-300x169.png 300w, https:\/\/integritybc.org\/wp-content\/uploads\/2024\/08\/Ayuda-a-la-comunidad-Huaorani-4-768x432.png 768w, https:\/\/integritybc.org\/wp-content\/uploads\/2024\/08\/Ayuda-a-la-comunidad-Huaorani-4.png 1366w\" sizes=\"(max-width: 1024px) 100vw, 1024px\" \/>\t\t\t\t\t\t\t\t\t\t\t\t\t<\/div>\n\t\t\t\t<\/div>\n\t\t\t\t<div class=\"elementor-element elementor-element-12e1d4b elementor-widget elementor-widget-image\" data-id=\"12e1d4b\" data-element_type=\"widget\" data-widget_type=\"image.default\">\n\t\t\t\t<div class=\"elementor-widget-container\">\n\t\t\t\t\t\t\t\t\t\t\t\t\t\t<a href=\"https:\/\/donate.stripe.com\/7sI6oXf7k0E70U03cc\" target=\"_blank\">\n\t\t\t\t\t\t\t<img decoding=\"async\" width=\"150\" height=\"150\" src=\"https:\/\/integritybc.org\/wp-content\/uploads\/2024\/08\/3030362-150x150.webp\" class=\"elementor-animation-pulse-grow attachment-thumbnail size-thumbnail wp-image-27669\" alt=\"\" srcset=\"https:\/\/integritybc.org\/wp-content\/uploads\/2024\/08\/3030362-150x150.webp 150w, https:\/\/integritybc.org\/wp-content\/uploads\/2024\/08\/3030362.webp 256w\" sizes=\"(max-width: 150px) 100vw, 150px\" \/>\t\t\t\t\t\t\t\t<\/a>\n\t\t\t\t\t\t\t\t\t\t\t\t\t<\/div>\n\t\t\t\t<\/div>\n\t\t\t\t\t<\/div>\n\t\t\t\t<\/div>\n\t\t<div class=\"elementor-element elementor-element-3368126 e-flex e-con-boxed e-con e-parent\" data-id=\"3368126\" data-element_type=\"container\">\n\t\t\t\t\t<div class=\"e-con-inner\">\n\t\t\t\t<div class=\"elementor-element elementor-element-63571a4 elementor-align-justify elementor-widget elementor-widget-button\" data-id=\"63571a4\" data-element_type=\"widget\" data-widget_type=\"button.default\">\n\t\t\t\t<div class=\"elementor-widget-container\">\n\t\t\t\t\t<div class=\"elementor-button-wrapper\">\n\t\t\t<a class=\"elementor-button elementor-button-link elementor-size-sm elementor-animation-grow\" href=\"https:\/\/donate.stripe.com\/7sI6oXf7k0E70U03cc\" target=\"_blank\">\n\t\t\t\t\t\t<span class=\"elementor-button-content-wrapper\">\n\t\t\t\t\t\t\t\t\t<span class=\"elementor-button-text\">Contribuir Ahora<\/span>\n\t\t\t\t\t<\/span>\n\t\t\t\t\t<\/a>\n\t\t<\/div>\n\t\t\t\t<\/div>\n\t\t\t\t<\/div>\n\t\t\t\t\t<\/div>\n\t\t\t\t<\/div>\n\t\t\t\t<\/div>\n\t\t","protected":false},"excerpt":{"rendered":"<p>Donaci\u00f3n Entrenamiento de Educaci\u00f3n y Prevenci\u00f3n de Drogas Apoyar proyectos Contribuir Ahora<\/p>\n","protected":false},"author":3,"featured_media":0,"parent":0,"menu_order":0,"comment_status":"closed","ping_status":"closed","template":"","meta":{"advgb_blocks_editor_width":"","advgb_blocks_columns_visual_guide":"","site-sidebar-layout":"no-sidebar","site-content-layout":"page-builder","ast-global-header-display":"","ast-banner-title-visibility":"","ast-main-header-display":"","ast-hfb-above-header-display":"","ast-hfb-below-header-display":"","ast-hfb-mobile-header-display":"","site-post-title":"disabled","ast-breadcrumbs-content":"","ast-featured-img":"disabled","footer-sml-layout":"","theme-transparent-header-meta":"","adv-header-id-meta":"","stick-header-meta":"","header-above-stick-meta":"","header-main-stick-meta":"","header-below-stick-meta":"","_joinchat":[],"footnotes":""},"class_list":["post-27553","page","type-page","status-publish","hentry"],"aioseo_notices":[],"coauthors":[],"author_meta":{"author_link":"https:\/\/integritybc.org\/?author=3","display_name":"Sebas Maya"},"relative_dates":{"created":"Posted 2 years ago","modified":"Updated 2 years ago"},"absolute_dates":{"created":"Posted on August 5, 2024","modified":"Updated on August 7, 2024"},"absolute_dates_time":{"created":"Posted on August 5, 2024 8:18 pm","modified":"Updated on August 7, 2024 3:37 pm"},"featured_img_caption":"","featured_img":false,"series_order":"","_links":{"self":[{"href":"https:\/\/integritybc.org\/index.php?rest_route=\/wp\/v2\/pages\/27553","targetHints":{"allow":["GET"]}}],"collection":[{"href":"https:\/\/integritybc.org\/index.php?rest_route=\/wp\/v2\/pages"}],"about":[{"href":"https:\/\/integritybc.org\/index.php?rest_route=\/wp\/v2\/types\/page"}],"author":[{"embeddable":true,"href":"https:\/\/integritybc.org\/index.php?rest_route=\/wp\/v2\/users\/3"}],"replies":[{"embeddable":true,"href":"https:\/\/integritybc.org\/index.php?rest_route=%2Fwp%2Fv2%2Fcomments&post=27553"}],"version-history":[{"count":38,"href":"https:\/\/integritybc.org\/index.php?rest_route=\/wp\/v2\/pages\/27553\/revisions"}],"predecessor-version":[{"id":27685,"href":"https:\/\/integritybc.org\/index.php?rest_route=\/wp\/v2\/pages\/27553\/revisions\/27685"}],"wp:attachment":[{"href":"https:\/\/integritybc.org\/index.php?rest_route=%2Fwp%2Fv2%2Fmedia&parent=27553"}],"curies":[{"name":"wp","href":"https:\/\/api.w.org\/{rel}","templated":true}]}}